- 3. Let d be f(3). Let r = j + d. What is the tens digit of r?
4
Let h = -222 - -418. What is the hundreds digit of h?
1
Let y = 1497 - 151. What is the units digit of y?
6
Suppose -41 = -7*b - 27. What is the units digit of (6/4 - b)/(3/(-42))?
7
Let d = 70 + -90. Let y = d - -34. What is the units digit of y?
4
Let g(u) = -9*u - 33. Let p be g(-7). Let h = 49 - p. What is the units digit of h?
9
Let l = -15 - -15. Let p(g) = -g**3 - 2*g**2 - 5*g - 7. Let s be p(-6). Suppose 5*t - t - m = s, l = 3*t + 2*m - 139. What is the units digit of t?
3
Let f = 2318 - -1178. What is the tens digit of f?
9
Suppose -31*n + 80385 = -8*n. What is the thousands digit of n?
3
Let a be 117 - -3 - (-4 + 3 + 7). Let t = -21 - 33. Let d = a + t. What is the tens digit of d?
6
Let a = 60 - 58. Suppose -o + a*r + 116 = 0, r - 465 = -3*o - 131. What is the hundreds digit of o?
1
Suppose 2*q - 32 = q - k, 0 = 2*k. Let t = 36 - 53. Let n = t + q. What is the units digit of n?
5
Let c be (-2)/4 + (-9515)/(-10) + 4. Suppose 11*d + c = 2913. What is the units digit of d?
8
Let o(k) = k**3 - 33*k**2 + 88*k - 16. What is the tens digit of o(32)?
7
Let f(d) = d**3 - 10*d**2 - 9*d - 9. Let l be f(11). Let g(n) = 16*n - 7. What is the hundreds digit of g(l)?
2
Suppose -2*h + r = -393, -8*h - r - 785 = -12*h. What is the units digit of h?
6
Let f(i) = -11 - 8 - 2 + 13*i. What is the units digit of f(7)?
0
Let w = 3754 + -1415. What is the thousands digit of w?
2
Suppose 18 = 5*n - 17. Let c = n - -41. What is the tens digit of c?
4
Suppose 3*n = 2*m - 22, 2*n - 3*m = -m - 14. Let b = n + 34. What is the tens digit of b?
2
Let r be ((-7)/14)/((-2)/12). What is the tens digit of -398*r/(-6) - (4 - 1)?
9
Suppose -949 = -11*y + 8346. What is the hundreds digit of y?
8
Let k(a) = 5*a**3 - 3*a**2 - a + 4. Let x be k(2). Let d = x - 28. Suppose 7 = g - p - 30, -136 = -4*g - d*p. What is the tens digit of g?
3
Suppose -5*k + 213 - 798 = 0. Let u = -16 - k. What is the tens digit of u?
0
Let u(t) = -2*t + 18. Let r be u(9). Let w = r - -18. What is the units digit of w?
8
Let q(h) = 7*h**2 - 5*h**2 - 2 - 3*h - 150*h**3 - 4*h**2. What is the hundreds digit of q(-1)?
1
Suppose 0*c = 5*c - 25. Let f = 11 + 7. Suppose 7 = l - r, -5*r + f = 3*l + c. What is the units digit of l?
6
Suppose -43*v + 39671 = -30763. What is the thousands digit of v?
1
Let t = -651 + 835. What is the units digit of t?
4
Suppose -3*f + 1067 = x, -4*f = -9*f - 4*x + 1790. What is the units digit of f?
4
Let l = 371 + -58. What is the units digit of l?
3
Let u be 26/7 - 34/(-119). Suppose 0 = u*k + 2 - 46. What is the units digit of k?
1
Let j be 1 + (-7)/(7/(-4)). Suppose j = -3*v - 2*v. What is the units digit of v + (-2 - -2*5)?
7
Suppose v - 16 = -47. Let y = 35 + v. What is the units digit of y?
4
Suppose a = -3 + 7. Let q(z) = 2*z + 1. Let w be q(3). Let m = w + a. What is the tens digit of m?
1
Suppose 0*x = -7*x + 2*x. Suppose x = -4*h - h + 10, 5*j + h - 687 = 0. What is the tens digit of j?
3
Suppose 0 = -5*f + 5*v + 20, -5*v - 16 = -0*f - 4*f. What is the tens digit of (592/24)/(f/18)?
1
Let q(a) = -34*a + 50. What is the tens digit of q(-12)?
5
Suppose 3*k + 13 - 208 = -3*v, 5*k - v = 319. Suppose 3*b = 221 + k. What is the units digit of b?
5
Suppose 13*x = -15 + 41. What is the tens digit of -1 + 2 + x - -21?
2
Let o = -19 + 32. Suppose -11 - o = -4*a. Suppose a*j - j - 115 = 0. What is the units digit of j?
3
Let f = 5430 - 2170. What is the thousands digit of f?
3
Let n(v) = v**3 + 6*v - 4*v - v - 5*v**2. What is the units digit of n(6)?
2
What is the tens digit of (209/(-44))/(1/(-8)*2)?
1
Let t be -1 + 2 + 3 + 1. Suppose -454 = -t*b + 96. Suppose -4*k = k - b. What is the tens digit of k?
2
Let v = 25 + -22. Suppose -v*k + k = -56. What is the units digit of k?
8
What is the tens digit of 1876 + (-1)/(-6)*0?
7
Let h = 72 - -19. What is the units digit of h?
1
Let z = 13 - 12. Let b = z + 2. Suppose 5*h + b*t - 195 + 77 = 0, 86 = 3*h - 2*t. What is the units digit of h?
6
Let c = 0 + 5. Suppose 5*p - n = 2*n + 7, -c*n + 15 = 5*p. Suppose -6*w = -p*w + 3*y - 44, -w = 4*y - 24. What is the units digit of w?
8
Suppose -3553 = -315*h + 304*h. What is the tens digit of h?
2
Suppose n + 0*g - g + 43 = 0, -3*g = -5*n - 219. What is the units digit of (n/(-30))/((-2)/(-8))?
6
Let q(x) = -2*x**2 + 29*x + 57. Let a(w) = -3*w**2 + 30*w + 58. Let p(t) = 3*a(t) - 4*q(t). What is the units digit of p(-17)?
9
What is the units digit of 4187 + 8/4 + -10?
9
Let y(z) = 17*z**2 + 31*z + 7. What is the hundreds digit of y(-12)?
0
Let o(v) = -v**3 + 28*v**2 + 27*v + 60. Let d be o(29). Suppose 7*j = 2*j - 4*n + 1068, 0 = d*j + n - 426. What is the hundreds digit of j?
2
Suppose 3*q + 3*m = -2*q + 19, -q + 4*m - 10 = 0. Suppose q = -k + 10. Let x = 12 - k. What is the units digit of x?
4
Suppose -4*a = 5*f - 41, 3*a = 3*f - 0*f - 3. Suppose a*w + 14 = 6. Let q(o) = -14*o + 3. What is the units digit of q(w)?
1
Suppose -2287 = -6*f + 3203. What is the hundreds digit of f?
9
Let m(d) = d**3 + 24*d**2 - d - 20. Let l be m(-24). Suppose 4*o + r - 598 = 0, -r = 5*o + l*r - 740. What is the hundreds digit of o?
1
Let p = -29 - -4. Let t = -23 - p. What is the tens digit of (-20)/10*(-41)/t?
4
Let r(n) = 6*n - 5. Let g be r(3). Suppose 0 = v - 3*v + 24. Let d = g - v. What is the units digit of d?
1
Let y(a) = a**3 - 15*a**2 + 10*a - 16. Let q be y(14). Let p be 16/q + 893/9. Suppose -p = -4*m + 4*o - o, 0 = -2*m - 5*o + 17. What is the units digit of m?
1
Let a = -121 + 649. What is the hundreds digit of a?
5
Let t = 10 - 8. Suppose -1 - 4 = -w - t*p, -2*p = -10. Let g = -3 - w. What is the units digit of g?
2
Let m = 46 + -15. Suppose x - m = 4. What is the tens digit of x?
3
Let t(y) = -2*y**3 - 2*y - 2. Let c be t(0). Let v be (5/(-3))/((-4)/(-12)). What is the units digit of 5/(c + (-11)/v)?
5
Let p be (-240)/56*(-1 - -8). Let k be (-4)/p - 583/(-15). Let i = k - 18. What is the units digit of i?
1
Let t = 16 - 16. Suppose t = -2*p - 2*p + 8. What is the tens digit of ((-6)/15)/(p/(-120))?
2
Let y(c) = 8*c + 21. Let u be y(-7). Suppose -291 = -3*k - 0*k. Let v = u + k. What is the tens digit of v?
6
Suppose -3*x + 6 = -0*x. Suppose 0 = -x*m + 3*u + 81, 0 = -2*m + 3*u - 2*u + 79. Suppose 2*r - 3*w = 58, -2*r + 3*r - m = -w. What is the tens digit of r?
3
Let s = 73 - -135. What is the hundreds digit of s?
2
Let c be 32/(-1 - 15/(-10)). Suppose -2*r + 214 = c. What is the units digit of r?
5
Let c(m) = 5*m**2 - 14*m + 51. What is the tens digit of c(9)?
3
Suppose k + b + 4*b = 22, b - 8 = k. Let o = 4 + k. What is the tens digit of 20 + (1 + o - 3)?
1
Let g be ((-12)/10 - 0)/(4/(-170)). Suppose 50*n = g*n - 18. What is the tens digit of n?
1
Let y = 13 + -14. Let i be (-31)/(-1) - (1 - y). Suppose 0 = -3*d + 4*c + 31, 3*d - 5*c + 3*c = i. What is the units digit of d?
9
Let r(l) = 6*l - 1. Let j be r(1). Suppose 96 = -j*m + 6*m. What is the tens digit of m?
9
Suppose -5*o = 2*z + 25, 2*o + 35 - 9 = -4*z. What is the units digit of (4/z)/(4/(-310))?
2
Suppose 31 = -5*n + 346. Let w = 122 - n. What is the units digit of w?
9
Let w(h) = -12*h + 29. Let v(f) = 24*f - 58. Let g(r) = 4*v(r) + 9*w(r). What is the tens digit of g(-12)?
7
Let k = -1 + 3. Suppose 0 = -k*g + c + 24, -2*g + 4*c + 46 = g. Suppose -g = -4*x + 22. What is the units digit of x?
8
Let m(k) = 2*k**2 - 4*k - 1. Let i be m(3). Suppose -i*h - 8 = -38. Suppose -h = -4*j + 2. What is the units digit of j?
2
Suppose 4*r = 17*r - 7579. What is the units digit of r?
3
What is the tens digit of 10 - 4 - (11 + -681)?
7
Let k = 16 + -6. Let m = -282 - -1560. What is the tens digit of m/30 - (-4)/k?
4
Suppose -c = -4*w + 2936, -c + 2209 = -4*w + 7*w. What is the units digit of w?
5
Let c(i) be the first derivative of i**3/3 + 3*i**2/2 - 15*i + 27. Let s(o) = 4*o**2 + 1. Let f be s(-1). What is the tens digit of c(f)?
2
Let p(w) = w**2 - 2*w - 4. Let j(q) = 4*q**2 + 8 - 6*q**2 + 0*q**2 + 18*q. Let d be j(9). What is the tens digit of p(d)?
4
Suppose 11*f = 13*f - 8. Suppose -3*p - 2 = -5*p, 3*p + 285 = f*b. What is the tens digit of b?
7
Let k = 843 + 305. What is the hundreds digit of k?
1
Let v(p) be the third derivative of -5*p**4/24 + p**3/3 - p**2. What is th